te the highest common factor of y and 85.
17
Suppose -77 = -3*b - 11. Let t be 2 + (-1 - -1) - -1. Suppose 4*w - 3*c + 8*c - 195 = 0, 3*w - 180 = t*c. Calculate the greatest common factor of b and w.
11
Let g(l) = 10*l - 2. Let j be g(2). Let q be ((-24)/(-9))/(4/j). Calculate the greatest common factor of 132 and q.
12
Let m(i) = i**3 + 5*i**2 - 8*i - 18. Let n be m(-4). What is the greatest common factor of n and 18?
6
Let s(k) = 15*k - 15. Let q be s(8). Calculate the highest common divisor of q and 42.
21
Suppose -4*z - 594 = -10*z. What is the highest common factor of z and 11?
11
Suppose 0 = 3*i - 0*i - 6, b - 14 = -2*i. Suppose -3*j = -2*r - b - 14, 5*j + 3*r - 40 = 0. What is the highest common factor of j and 40?
8
Let j(v) = 3 + v**3 + 4*v - v**2 - 3 + 9*v**2. Let z be j(-4). What is the greatest common divisor of z and 16?
16
Suppose 3*a = -3*h - h + 20, 0 = -h - a + 6. Suppose 9 = z - 4*t, -6*z + 2*z = -h*t - 78. What is the highest common divisor of z and 21?
21
Let m(o) = 1 + 2*o**3 - o + 2*o**2 - 3 - o + 0. Let z be m(2). Suppose 5*x + 16 + 4 = 0, -5*x = 2*h - 376. What is the greatest common factor of h and z?
18
Let q(p) be the first derivative of p**2 - 7*p + 1. Let g be q(8). Calculate the greatest common divisor of 1 and g.
1
Suppose 5*n = 6 + 14. Suppose s = 4*l - 8 + 2, 2*s = n*l - 4. What is the greatest common factor of l and 8?
2
Let c(f) = -8*f**3 - 2*f**2 - 2*f - 1. Let y be c(-1). What is the greatest common divisor of y and 77?
7
Suppose 2*g + 1 + 7 = 0, -4*g + 281 = 3*x. Suppose -b + 45 = 4*b. What is the greatest common factor of x and b?
9
Suppose 0 = -0*f + 3*f - 378. Let a = -8 - -12. Suppose g + a*g - 70 = 0. Calculate the highest common factor of f and g.
14
Suppose 17 = 2*l - 25. Calculate the highest common factor of l and 42.
21
Let k(f) = 3*f - 6. Let c be k(5). Suppose -c + 7 = -y. Let z be 356/22 + y/(-11). Calculate the greatest common factor of 8 and z.
8
Let x = -3 + 3. Suppose x = -2*z - 6 - 4, -5*z - 105 = -4*f. What is the highest common divisor of f and 140?
20
Suppose -t = -6*t + 560. Suppose -2*w = 2*w + j - t, 5*w + j = 140. Let s(q) = -q**2 + 8*q + 7. Let l be s(8). Calculate the greatest common factor of l and w.
7
Suppose -5*f + m = -2*f - 82, f + m - 30 = 0. What is the greatest common divisor of 196 and f?
28
Let n(c) = -5*c. Let l be n(-2). Let m be -1 - -28 - (13 - l). Calculate the greatest common factor of m and 60.
12
Let w be 39/5 + (-9)/(-45). What is the greatest common divisor of 12 and w?
4
Let i(s) = 2*s**3. Let h be i(1). Suppose 25 - 85 = -h*l - 4*n, -57 = -2*l - 5*n. Calculate the greatest common factor of 24 and l.
12
Suppose 0 = m + 2*m - 12. Let p be (m/12)/((-4)/(-192)). Calculate the highest common factor of 48 and p.
16
Suppose -4*o + 14 = 3*c, -4*o + 2*o - 2 = -3*c. What is the greatest common factor of 10 and o?
2
Let n(l) = l**2 - 8*l - 12. Let r be n(10). Suppose o = 17 + 3. Calculate the greatest common divisor of o and r.
4
Let h be (-13)/4 + 1/4. Let p be (-36)/(-4)*(-5)/h. What is the highest common divisor of 10 and p?
5
Let o = -186 - -206. What is the greatest common divisor of o and 12?
4
Let s = 17 + -14. Suppose -3*w + x = -56, -s*w - 6*x + x + 44 = 0. Calculate the highest common divisor of 9 and w.
9
Let s = 48 - 16. What is the greatest common factor of s and 8?
8
Let b = 16 + 19. Calculate the highest common divisor of 35 and b.
35
Let f(n) = -3*n**3 - 10*n**2 - 8*n + 1. Let c be f(-3). Suppose 5*l - 2*l - 193 = -z, 2*l - 130 = -2*z. Calculate the highest common divisor of l and c.
16
Let f = -7 - -3. Let r be (-141)/(-4) + 1/f. What is the highest common factor of 5 and r?
5
Suppose 6*a - 3*a = 0. Suppose -4*z - 6 = 5*v, 4*v = -8 - a. Let q be 1 - 0 - 0/(-1). What is the highest common factor of q and z?
1
Suppose -u - 7 = -b - 0*u, -5*u = -b - 9. Let v = -7 + 5. Let m(k) = -6*k**3 + k**2 - 2*k - 1. Let p be m(v). Calculate the highest common factor of b and p.
11
Let l = 6 - 3. Let d(j) = -2 - 7 + 1 + l*j + 0. Let s be d(8). Calculate the greatest common factor of s and 48.
16
Suppose -447 = -3*w + 363. Suppose 0 = -o + 6*o - w. What is the highest common divisor of 9 and o?
9
Let t(x) = -2*x - 5. Let u be t(-4). Let v be (2/(-4))/(u/(-216)). What is the greatest common factor of 4 and v?
4
Suppose 6*x - 308 = -5*x. What is the highest common divisor of x and 196?
28
Suppose 5*z - 8 = 12, 5*h - 64 = -z. What is the greatest common factor of h and 132?
12
Let z be 2/8 + 135/4. Let p = z + -21. Calculate the greatest common divisor of p and 26.
13
Suppose -5*a - 200 = -4*k + k, 0 = -2*a - 2. Let z be -1 - (1 - 2 - 1). Suppose -2*u = -27 + z. What is the highest common factor of k and u?
13
Suppose -5*g - 81 = -2*g. Let i = g + 2. Let m = i - -38. Calculate the greatest common divisor of 39 and m.
13
Suppose 8*w = 4*w + 120. What is the highest common factor of w and 12?
6
Let u(z) = 4*z**3 - 5*z**2 - 3*z + 6. Let x be u(4). What is the greatest common factor of x and 68?
34
Suppose 3*f = -f + 52. Suppose 2*q = 3*q - 13. Calculate the highest common divisor of q and f.
13
Suppose 6*a + 504 = 10*a. What is the highest common factor of 18 and a?
18
Suppose 2*s = 4 + 14. Let h(y) = -y + 2. Let d be h(0). Let w = s - d. What is the greatest common factor of 7 and w?
7
Suppose -5*g = -5*j - 3*g + 155, -25 = 5*g. Calculate the highest common factor of 29 and j.
29
Suppose 0 = -2*y + 6*y - 84. Let c = y + 17. What is the greatest common factor of c and 95?
19
Let m(x) = x**2 + 2*x - 1. Let l be m(-2). Let d be (l - 0/(-1)) + 6. What is the greatest common factor of 10 and d?
5
Let h(a) = 3*a**2 + 2*a - 5. Let d be (-2 - 5/(-3))*15. Let s be h(d). Calculate the greatest common divisor of s and 12.
12
Let b = 10 - 8. What is the greatest common divisor of b and 6?
2
Suppose -3*a + 5*v - 2 = v, -3*v = -15. What is the highest common factor of 15 and a?
3
Suppose -5*r + 3*n + 2 = 0, -r = 3*n - 0*n + 14. Let k be -1*(-5 - (r + 4)). What is the highest common divisor of 7 and k?
7
Let o be (31 - 1)*18/27. Let x = o - 10. Calculate the highest common factor of x and 10.
10
Let g = 399 - 214. Calculate the greatest common divisor of g and 74.
37
Suppose 0*z + 5*z = 10. Let v(h) = 4*h + 4. Let c be v(3). Calculate the greatest common factor of c and z.
2
Let y be (3 + -4)/((-1)/(-16)). Let b = y - -30. Let o(i) = 2*i**2 - 8*i + 4. Let g be o(6). Calculate the greatest common factor of g and b.
14
Let i be 10/3*(-9)/6. Let m be (-6)/(-2) + i/5. Suppose -m*s + 26 = 2. Calculate the highest common divisor of s and 24.
12
Suppose -2*s + 251 - 219 = 0. Calculate the highest common divisor of s and 64.
16
Let j be (0/2 - 0)/2. Let q(o) = -o + 5. Let d be q(j). Suppose d*i - i = -12, 3*c = 3*i + 174. What is the highest common divisor of 22 and c?
11
Let n be 812/11 + 48/264. What is the highest common divisor of n and 37?
37
Let f = 139 + -89. Calculate the highest common factor of f and 25.
25
Suppose -3*s + 11 = 4*n, 0 = 5*n - 3*s - 0*s - 7. Suppose n*y = -0*y + 36. Calculate the greatest common factor of y and 9.
9
Suppose -3*y + 103 = -4*z, 0*y - 5*z + 125 = 5*y. Calculate the greatest common factor of y and 58.
29
Let i = -7 + 14. Let r be 2/i + 60/(-14). Let u be ((-2)/r)/((-4)/(-88)). What is the highest common divisor of u and 77?
11
Let i(o) = 24*o + 3. Let k be i(1). Calculate the highest common divisor of k and 45.
9
Suppose 5*s - 101 = 3*q + 134, 0 = 2*q + 10. Calculate the greatest common factor of s and 11.
11
Suppose i - 2*k = 16, 3*i - 7*k - 45 = -2*k. Let r = i + -8. Let m be 2 + (-1 - -2)*r. Calculate the greatest common divisor of m and 32.
4
Suppose 3*g + 5*z - 134 = 0, -3*g = g + 4*z - 176. Suppose -4*w = -3*v + g, 2*v + 31 = 5*v - w. What is the greatest common factor of v and 3?
3
Let u(y) be the second derivative of 0 + 2*y + 0*y**2 - 17/6*y**3. Let m be u(-1). Calculate the highest common factor of m and 17.
17
Let c be (-1)/(-3*(-1)/(-12)). Suppose -37 = -5*l - 2*b - 0, c*l + 5*b = 16. Calculate the greatest common factor of l and 1.
1
Suppose -1097 = -5*v - z, 4*v + 2*z = -2*z + 868. Calculate the highest common factor of v and 20.
20
Suppose 0 = -2*q + 3*l + 40, -5*l = -3*q - 0*q + 60. Let s = -16 - -21. Calculate the greatest common factor